ppose -4*i - 3*b = 7, -4*i - 4*b = -0*b + 8. Let t be (-1 + i)*2/(-1). Suppose 24 = t*h - 0*h. What is the units digit of h?
6
Let v = 14 - -57. Let t = v + -20. What is the units digit of t?
1
Let c(s) = -s**2 - 23. Let v(p) = p**3 - p. Let m be v(1). Let l be c(m). Let t = l + 33. What is the tens digit of t?
1
Let a = -61 + 42. Let g = a + 39. What is the tens digit of g?
2
Suppose 0 = 5*r - n - 15, 5*n = -3*r + 4*n + 1. Suppose -2*s + 2*u = 2, r*s + s - u = -1. Suppose 0 = -3*j - s + 3. What is the units digit of j?
1
Let g(b) be the third derivative of b**4/24 - b**3/3 + b**2. Let j(m) = 2*m - 5. Let s be j(5). What is the units digit of g(s)?
3
Let q = 34 + -54. Let y = q + 32. What is the units digit of y?
2
Suppose 5*n = 22 - 97. Let z = 31 + n. What is the tens digit of z?
1
What is the units digit of 1 + (4 - 6/3)?
3
Let o(f) = -f**3 - f**2. Let m(n) = 6*n**3 + 4*n**2 - 2*n - 2. Let u(b) = -m(b) - 5*o(b). Let v be u(-2). Let w = 30 - v. What is the tens digit of w?
2
Let w = -19 + 166. What is the tens digit of w?
4
Let l(q) = 3*q**3 - 2*q**2 - 2*q. Let v(f) = 2*f**2 - f + 1. Let y be v(1). What is the tens digit of l(y)?
1
Let u = -3 + 6. Suppose -2*v = u*v - 20. What is the units digit of v?
4
Let g(k) = k - 1. Let b(o) = -9*o. Let i(c) = b(c) + 2*g(c). Let y be i(-3). Suppose -4*h + 9 = -y. What is the units digit of h?
7
Let x be (2/(-4))/((-1)/8). Suppose -2*l + 36 = -2*k + 6*k, -x*k = -12. What is the units digit of l?
2
Let g be 69/15 - (-6)/15. Suppose 3*j + 2*o = 37, 0*o = -g*j + o + 66. What is the units digit of j?
3
Let p(f) = -f - 1. Let v be p(-4). Suppose -v*z + 10 = 1. What is the units digit of 2 - z*(-3)/3?
5
Suppose -22*g = -25*g. Suppose 13 = 3*j + 4. Suppose k - 5*u = -g*k - 7, 3 = 3*k - j*u. What is the units digit of k?
3
Let y(i) = -2*i**3 + i**2 - 3*i + 4. What is the tens digit of y(-3)?
7
Suppose -4*h - 4 = 12. Let i be -1 + 3 + -2 - h. Suppose -i*g + g = -15. What is the units digit of g?
5
Let n be (1 - 4) + -11 + 121. Suppose 3*q = -5*s + n - 36, -4*s - q = -54. What is the tens digit of s?
1
Let h(b) = -3*b + 2. Suppose 5*q - 2*a = -17, 8*a - 4*a = 2*q + 10. What is the tens digit of h(q)?
1
Let m be 0/(0 + 4/2). Let u(q) = 3 - 5 + m*q - 2 + q. What is the units digit of u(6)?
2
Let q be 1 + (-3)/(-3) - 0. Suppose -q*i + 3*i = 12. What is the units digit of i?
2
Let c(z) = 16*z**2 - 3*z - 4. What is the units digit of c(3)?
1
Let i(y) = -y**2 - 5*y - 2. Let g be i(-4). What is the tens digit of (-256)/(-14) - g/7?
1
Suppose m = -4*p + 13 + 8, -5*p - 3 = -2*m. Let s = 19 - m. What is the units digit of s?
0
Suppose -3*o = 3*g - 48, 4*o - 2*g - 22 = 54. Let k be 302/o - 4/(-18). Suppose -4*a = -k + 1. What is the units digit of a?
4
What is the units digit of ((-48)/28)/(2/(-21))?
8
Let i = 10 + -6. Suppose -5*f = -0*f - 5*g - 65, g + 52 = i*f. What is the tens digit of f?
1
Let d(t) = t**3 - t + 5. Let a(g) = -g**3 - g**2 - 4. Let z(s) = -4*a(s) - 3*d(s). Let h be z(-2). Suppose -h*y = y - 32. What is the units digit of y?
8
Let v(g) = g**3 - g**2 - g + 8. Let o be v(0). Suppose -20 + o = j. What is the units digit of j/(-7) + (-4)/(-14)?
2
Suppose 5*t = -0*t + 4*a + 80, 4*t = -a + 64. Let n be (t/10)/(2/10). Let h = 11 - n. What is the units digit of h?
3
Suppose 190 = -6*v + 982. What is the hundreds digit of v?
1
Suppose 8*w - 2*q - 33 = 3*w, 0 = 2*w + 4*q + 6. Suppose 2*x - d - 41 = 0, -95 = -2*x - 3*x + w*d. What is the tens digit of x?
2
Let p(m) = -m + 4. Suppose 6 = -3*s + 4*s. Let x be p(s). What is the units digit of (1/(-3) - x)*3?
5
Let b(l) = l**3 - 4*l**2 - 4*l - 6. Let y be b(5). What is the units digit of y*(-11 + 4/(-2))?
3
What is the tens digit of (-150)/(-9)*12/5?
4
Let y = -20 - -36. What is the units digit of y?
6
Suppose -q = -18 - 9. What is the tens digit of q?
2
Let q = -36 + 50. What is the tens digit of q?
1
Suppose b = -4*m + 23, 0 = -2*b - b + 9. Suppose 0*a + 40 = m*a. Let j = a + 4. What is the tens digit of j?
1
Suppose 3*s - 27 = -5*m - 0*m, 27 = 3*s - m. Let r(b) = b**2 - 6*b - 11. What is the units digit of r(s)?
6
Let h be 3*(15/(-3) - 0). Let w = h - -26. What is the tens digit of w?
1
Let y(v) be the second derivative of v**5/20 - v**4/4 + v**3/3 + 2*v. Let g be y(2). Suppose g = 2*f - 2*q, -q + 10 = -0*f + f. What is the units digit of f?
5
Suppose -a - 20 = 4*a. Let w = 6 - a. What is the units digit of w?
0
Let o = 134 + -111. What is the tens digit of o?
2
What is the tens digit of 0 - (-31 - (-3 + 2))?
3
Let k be ((-4)/6)/((-1)/3). Suppose a = -3*a, 3*a = k*o - 28. What is the units digit of (o/3)/(2/3)?
7
Let w = -7 + -7. Let z be (2*-1)/((-4)/w). Let n = z - -12. What is the units digit of n?
5
Let t be ((-224)/40)/(((-6)/(-10))/3). Suppose i = -0*i - 2. What is the units digit of i/8 + (-343)/t?
2
Let k = -14 - -15. What is the tens digit of (-2 + 3)*(k + 16)?
1
Let k = 35 + -11. Let h = k - 0. What is the units digit of h?
4
Let a(f) = -f**2 + 9*f - 7. Let d = -9 - -15. Let l be d/15 - (-38)/5. What is the units digit of a(l)?
1
Let w be (-16)/6*915/(-20). Suppose 5*s = -2*x + 77, -4*s - w = -2*x - 0*x. What is the tens digit of x?
5
Let x(q) be the second derivative of -9*q**5/10 + q**3/6 + q**2/2 + q. What is the tens digit of x(-1)?
1
Suppose -8 = -2*b + 2, 2*b - 15 = -r. Let s(k) = k + 5. What is the tens digit of s(r)?
1
Suppose 0*o = 4*o - 12. Suppose -2*h - w = -11, -h + 4 = -w + o. Suppose 2*z + 0*z = h. What is the units digit of z?
2
Suppose t = -0*t - 6. Let g = 3 + t. What is the units digit of (9/3)/(g/(-2))?
2
Suppose -5*m + 1 = -2*n, -3*n + m = n + 29. Let h = n + 15. What is the units digit of h?
7
Suppose -w = 2*w + 39. Let a = -8 - w. What is the units digit of a?
5
Suppose -2*h - 36 = -5*s, -4*s = 3*h - h + 18. Let n = h - -18. What is the units digit of n?
5
What is the tens digit of 1*32 + (-3 - -5)?
3
Let q be 4*(-20)/48*-3. Let k be (3/(-2))/((-3)/(-8)). Let b = q + k. What is the units digit of b?
1
Suppose f - 1 = 1. Let x(s) = s. Let j be x(f). Suppose -a + 11 - 1 = -5*y, 4*a = -j*y + 18. What is the units digit of a?
5
Suppose -284 = -4*v + 12. What is the tens digit of v?
7
What is the units digit of -100*(10/(-25))/1?
0
Let p = -11 + 15. Suppose p = n - 0. What is the units digit of n?
4
Suppose 2*u - 2 = -4*g - 0*g, -u + 3*g + 6 = 0. Suppose -u*w + 4 = 2*j - w, 2*j = -4*w. What is the units digit of j?
4
Suppose -4*x + 89 = 3*z - 0, -5*x + 150 = 5*z. Let c = z + -20. What is the tens digit of c?
1
Let d(f) = 6*f**3 + f**2 - 10*f + 8*f + 1 - 2*f**3. What is the units digit of d(1)?
4
Let n = 38 + -22. What is the units digit of n?
6
Let u(w) = -w**3 - 5*w**2 + 4*w + 2. What is the units digit of u(-6)?
4
Let z = -187 - -281. What is the units digit of z?
4
Let w be 13 - (1 + 0 + 0). Suppose 110 = w*y - 7*y. What is the tens digit of y?
2
Suppose 329 = 2*y - 103. Let j = 126 - y. What is the tens digit of 1/(-4) + j/(-8)?
1
Suppose 5*m = 2*s + 28, 0*m - 12 = m + 4*s. Suppose -4*d = 3*h - 16, -h = -m*d - 3*h + 12. What is the units digit of 2/(-3)*-12 + d?
9
Suppose 63 + 69 = 4*h. Suppose 6 = 3*c + s - h, 0 = -c + 4*s + 26. What is the tens digit of c?
1
What is the hundreds digit of -47*2*((-60)/(-8))/(-3)?
2
Suppose 2*z = 11 - 1. Suppose -u - 5*d + 0*d = 16, 2*u - 43 = z*d. Suppose 3*g + u = 4*g. What is the units digit of g?
9
Let w = -4 + 6. Suppose 4*k + 23 = n, 2*n - w*k + 10 = 26. What is the units digit of ((-22)/6)/((-1)/n)?
1
Let u(h) = h**2 - 6*h + 5. What is the tens digit of u(10)?
4
Let b(x) be the first derivative of x**4/4 - 5*x**3/3 + 5*x**2/2 - 2*x + 1. Let n be b(4). What is the tens digit of -2 - ((-21 - n) + 0)?
2
Let s = 3 - 5. Suppose n + 24 = 5*n. Let t = n - s. What is the units digit of t?
8
Let n(t) = t + 3 - 2 + 2. Let v be n(-4). What is the units digit of (-3 - v - -11) + -2?
7
Let a be (-1 - 2)*6/(-9). Suppose -a*d + 2 = -d. Let j = 8 - d. What is the units digit of j?
6
Suppose 0 = 3*d + f + 18 - 57, -3*d - 2*f = -42. Let w = d - 10. What is the units digit of w?
2
Let n = -2 + 2. Suppose 2*z + 2 = n, 2*z - 6 = -4*u - 0*z. Suppose 7 = 3*g - u*g. What is the units digit of g?
7
Suppose 8 = -2*i + 4*i. What is the tens digit of -3 + (0 - -47) - i?
4
Suppose -2 = 2*o, -2*u + 5*o + 224 = o. What is